{"id":9958,"date":"2023-11-19T10:39:22","date_gmt":"2023-11-19T10:39:22","guid":{"rendered":"https:\/\/demo.wpzoom.com\/inspiro-lite-blocks-xml\/?page_id=6922"},"modified":"2025-09-04T22:47:42","modified_gmt":"2025-09-05T04:47:42","slug":"homepage","status":"publish","type":"page","link":"https:\/\/metrology.mx\/newportal\/","title":{"rendered":"Inicio"},"content":{"rendered":"\n<div class=\"wp-block-cover alignfull is-light\" style=\"min-height:562px;aspect-ratio:unset;\"><video class=\"wp-block-cover__video-background intrinsic-ignore\" autoplay muted loop playsinline src=\"https:\/\/metrology.mx\/newportal\/wp-content\/uploads\/2025\/04\/PUBLICIDAD-M\u00bfPAGINA-MC.mp4\" data-object-fit=\"cover\"><\/video><span aria-hidden=\"true\" class=\"wp-block-cover__background has-background-dim-30 has-background-dim\" style=\"background-color:#FFF\"><\/span><div class=\"wp-block-cover__inner-container is-layout-constrained wp-block-cover-is-layout-constrained\">\n<figure class=\"wp-block-image size-large is-style-rounded\"><img loading=\"lazy\" decoding=\"async\" width=\"1024\" height=\"205\" src=\"https:\/\/metrology.mx\/newportal\/wp-content\/uploads\/2025\/04\/METROLOGY-CONSULTANT-S.A.-DE-C.V.-Servicios-de-calibracion-consultoria-y-capacitacion-SIN-FONDO-1024x205.png\" alt=\"\" class=\"wp-image-9986\" srcset=\"https:\/\/metrology.mx\/newportal\/wp-content\/uploads\/2025\/04\/METROLOGY-CONSULTANT-S.A.-DE-C.V.-Servicios-de-calibracion-consultoria-y-capacitacion-SIN-FONDO-1024x205.png 1024w, https:\/\/metrology.mx\/newportal\/wp-content\/uploads\/2025\/04\/METROLOGY-CONSULTANT-S.A.-DE-C.V.-Servicios-de-calibracion-consultoria-y-capacitacion-SIN-FONDO-300x60.png 300w, https:\/\/metrology.mx\/newportal\/wp-content\/uploads\/2025\/04\/METROLOGY-CONSULTANT-S.A.-DE-C.V.-Servicios-de-calibracion-consultoria-y-capacitacion-SIN-FONDO.png 2000w\" sizes=\"auto, (max-width: 1024px) 100vw, 1024px\" \/><\/figure>\n\n\n\n<div class=\"wp-block-buttons is-content-justification-center is-layout-flex wp-container-core-buttons-is-layout-a89b3969 wp-block-buttons-is-layout-flex\">\n<div class=\"wp-block-button\"><a class=\"wp-block-button__link wp-element-button\"><strong>Nuestros servicios<\/strong><\/a><\/div>\n<\/div>\n<\/div><\/div>\n\n\n\n<div class=\"wp-block-group is-layout-constrained wp-container-core-group-is-layout-3a820303 wp-block-group-is-layout-constrained\" style=\"padding-right:var(--wp--preset--spacing--small);padding-left:var(--wp--preset--spacing--small)\">\n<h2 class=\"wp-block-heading has-text-align-left\">\u00bfQuienes somos?<\/h2>\n\n\n\n<div class=\"wp-block-cover alignfull has-white-color has-text-color\" style=\"margin-top:0;padding-top:4vw;padding-right:4vw;padding-bottom:4vw;padding-left:4vw;min-height:66vh;aspect-ratio:unset;\"><span aria-hidden=\"true\" class=\"wp-block-cover__background has-black-background-color has-background-dim-100 has-background-dim\"><\/span><div class=\"wp-block-cover__inner-container is-layout-flow wp-block-cover-is-layout-flow\">\n<div class=\"wp-block-group is-content-justification-left is-layout-constrained wp-container-core-group-is-layout-d7e6ce0a wp-block-group-is-layout-constrained\">\n<p class=\"has-text-align-left has-text-color\" style=\"color:#ffffff61;font-size:120px;font-style:normal;font-weight:700;letter-spacing:-2px;line-height:1;text-transform:uppercase\">nosotros<\/p>\n\n\n\n<p class=\"has-text-align-right has-text-color\" style=\"color:#ffffff73;font-size:72px;font-style:normal;font-weight:700;letter-spacing:0px;line-height:1;text-transform:uppercase\"><\/p>\n\n\n\n<p class=\"has-text-align-left has-text-color\" style=\"color:#ffffffad;font-size:25px;font-style:normal;font-weight:700;letter-spacing:0px;line-height:1;text-transform:uppercase\">nos especializamos en <\/p>\n\n\n\n<p class=\"has-text-align-left has-color-one-color has-text-color\" style=\"font-size:42px;font-style:normal;font-weight:700;letter-spacing:0px;line-height:1;text-transform:uppercase\">ofrecer <strong>soluciones<\/strong> integrales <strong>en calibraci\u00f3n<\/strong> de equipos de medici\u00f3n, <\/p>\n\n\n\n<p class=\"has-text-align-left has-text-color\" style=\"color:#ffffffad;font-size:27px;font-style:normal;font-weight:700;letter-spacing:0px;line-height:1;text-transform:uppercase\">garantizando la m\u00e1xima precisi\u00f3n y confiabilidad en cada uno de nuestros servicios.<\/p>\n\n\n\n<p class=\"has-text-align-left has-text-color\" style=\"color:#fffffff5;font-size:162px;font-style:normal;font-weight:700;letter-spacing:-2px;line-height:1;text-transform:uppercase\"><\/p>\n<\/div>\n<\/div><\/div>\n\n\n\n<div style=\"height:0px\" aria-hidden=\"true\" class=\"wp-block-spacer\"><\/div>\n\n\n\n<p class=\"has-text-align-center\">En <em>Metrology &amp; Consultant<\/em> nos especializamos en ofrecer soluciones integrales en <em>calibraci\u00f3n<\/em> de equipos de medici\u00f3n, garantizando la m\u00e1xima precisi\u00f3n y confiabilidad en cada uno de nuestros servicios.<\/p>\n\n\n\n<p class=\"has-text-align-center\">Nuestro principal compromiso es la <em>satisfacci\u00f3n de nuestros clientes<\/em>, respaldados por un equipo de metr\u00f3logos con m\u00e1s de <em>15 a\u00f1os de experiencia<\/em> en la industria, capacitados y evaluados bajo los m\u00e1s altos est\u00e1ndares profesionales..<\/p>\n\n\n\n<div class=\"wp-block-buttons is-horizontal is-content-justification-center is-layout-flex wp-container-core-buttons-is-layout-03627597 wp-block-buttons-is-layout-flex\">\n<div class=\"wp-block-button is-style-outline is-style-outline--1\"><a class=\"wp-block-button__link has-small-font-size has-custom-font-size wp-element-button\" href=\"#\" style=\"border-radius:0px;font-style:normal;font-weight:600\">M\u00c1S<\/a><\/div>\n<\/div>\n<\/div>\n\n\n\n<div class=\"wp-block-group alignwide pattern_multiple_covers has-background-background-color has-background is-layout-constrained wp-block-group-is-layout-constrained\" id=\"services\">\n<h2 class=\"wp-block-heading has-text-align-left has-secondary-color has-text-color\"><mark style=\"background-color:rgba(0, 0, 0, 0)\" class=\"has-inline-color has-heading-color\">SERVICIOS<\/mark><\/h2>\n\n\n\n<h1 class=\"wp-block-heading has-text-align-left\"><strong>CALIBRACIONES ACREDITADAS<\/strong><\/h1>\n\n\n\n<hr class=\"wp-block-separator has-alpha-channel-opacity\"\/>\n\n\n\n<p>En <strong>Metrology &amp; Consultant<\/strong> contamos con <strong>calibraciones acreditadas<\/strong>, cumpliendo con los requisitos establecidos por la norma <strong>ISO\/IEC 17025:2017<\/strong>, con el objetivo de asegurar la <strong>exactitud y confiabilidad de sus equipos e instrumentos de medici\u00f3n<\/strong>.<\/p>\n\n\n\n<p><\/p>\n\n\n\n<h2 class=\"wp-block-heading\"><strong><mark style=\"background-color:#0a2160\" class=\"has-inline-color has-white-color\"> Magnitudes acreditadas <\/mark><\/strong><mark style=\"background-color:rgba(0, 0, 0, 0)\" class=\"has-inline-color has-black-color\"> <\/mark><\/h2>\n\n\n\n<div class=\"wp-block-columns is-layout-flex wp-container-core-columns-is-layout-28f84493 wp-block-columns-is-layout-flex\">\n<div class=\"wp-block-column is-layout-flow wp-block-column-is-layout-flow\" style=\"padding-top:0;padding-right:0;padding-bottom:0;padding-left:0\">\n<div class=\"wp-block-cover has-custom-content-position is-position-bottom-left\" style=\"padding-top:var(--wp--preset--spacing--small);padding-right:var(--wp--preset--spacing--x-small);padding-bottom:var(--wp--preset--spacing--small);padding-left:var(--wp--preset--spacing--x-small);min-height:210px;aspect-ratio:unset;\"><img loading=\"lazy\" decoding=\"async\" width=\"1024\" height=\"768\" class=\"wp-block-cover__image-background wp-image-10333 size-large\" alt=\"\" src=\"https:\/\/metrology.mx\/newportal\/wp-content\/uploads\/2025\/07\/s-l1200-1024x768.jpg\" data-object-fit=\"cover\" srcset=\"https:\/\/metrology.mx\/newportal\/wp-content\/uploads\/2025\/07\/s-l1200-1024x768.jpg 1024w, https:\/\/metrology.mx\/newportal\/wp-content\/uploads\/2025\/07\/s-l1200-300x225.jpg 300w, https:\/\/metrology.mx\/newportal\/wp-content\/uploads\/2025\/07\/s-l1200-768x576.jpg 768w, https:\/\/metrology.mx\/newportal\/wp-content\/uploads\/2025\/07\/s-l1200-285x214.jpg 285w, https:\/\/metrology.mx\/newportal\/wp-content\/uploads\/2025\/07\/s-l1200-600x450.jpg 600w, https:\/\/metrology.mx\/newportal\/wp-content\/uploads\/2025\/07\/s-l1200.jpg 1200w\" sizes=\"auto, (max-width: 1024px) 100vw, 1024px\" \/><span aria-hidden=\"true\" class=\"wp-block-cover__background has-background-dim-70 has-background-dim\"><\/span><div class=\"wp-block-cover__inner-container is-layout-flow wp-block-cover-is-layout-flow\">\n<h3 class=\"wp-block-heading has-text-align-center has-white-color has-text-color has-medium-font-size\" style=\"margin-top:0;margin-right:0;margin-bottom:0;margin-left:0\"><strong>DIMENSIONAL<\/strong><\/h3>\n\n\n\n<p class=\"has-secondary-color has-text-color has-link-color wp-elements-c3acfab671ecef1fc7828190480d9a42\" style=\"margin-top:0;margin-right:0;margin-bottom:0;margin-left:0\"><\/p>\n<\/div><\/div>\n\n\n\n<div class=\"wp-block-cover has-custom-content-position is-position-bottom-left\" style=\"padding-top:var(--wp--preset--spacing--small);padding-right:var(--wp--preset--spacing--x-small);padding-bottom:var(--wp--preset--spacing--small);padding-left:var(--wp--preset--spacing--x-small);min-height:210px;aspect-ratio:unset;\"><img loading=\"lazy\" decoding=\"async\" width=\"1024\" height=\"683\" class=\"wp-block-cover__image-background wp-image-10337 size-large\" alt=\"\" src=\"https:\/\/metrology.mx\/newportal\/wp-content\/uploads\/2025\/07\/Fc_9103_9140_9141_1500x1000_1-1024x683.webp\" data-object-fit=\"cover\" srcset=\"https:\/\/metrology.mx\/newportal\/wp-content\/uploads\/2025\/07\/Fc_9103_9140_9141_1500x1000_1-1024x683.webp 1024w, https:\/\/metrology.mx\/newportal\/wp-content\/uploads\/2025\/07\/Fc_9103_9140_9141_1500x1000_1-300x200.webp 300w, https:\/\/metrology.mx\/newportal\/wp-content\/uploads\/2025\/07\/Fc_9103_9140_9141_1500x1000_1-768x512.webp 768w, https:\/\/metrology.mx\/newportal\/wp-content\/uploads\/2025\/07\/Fc_9103_9140_9141_1500x1000_1-750x500.webp 750w, https:\/\/metrology.mx\/newportal\/wp-content\/uploads\/2025\/07\/Fc_9103_9140_9141_1500x1000_1-600x400.webp 600w, https:\/\/metrology.mx\/newportal\/wp-content\/uploads\/2025\/07\/Fc_9103_9140_9141_1500x1000_1-1200x800.webp 1200w, https:\/\/metrology.mx\/newportal\/wp-content\/uploads\/2025\/07\/Fc_9103_9140_9141_1500x1000_1.webp 1500w\" sizes=\"auto, (max-width: 1024px) 100vw, 1024px\" \/><span aria-hidden=\"true\" class=\"wp-block-cover__background has-background-dim-70 has-background-dim\"><\/span><div class=\"wp-block-cover__inner-container is-layout-flow wp-block-cover-is-layout-flow\">\n<h3 class=\"wp-block-heading has-text-align-center has-white-color has-text-color has-medium-font-size\" style=\"margin-top:0;margin-right:0;margin-bottom:0;margin-left:0\"><strong>TERMODIN\u00c1MICA<\/strong><\/h3>\n\n\n\n<p class=\"has-secondary-color has-text-color has-link-color wp-elements-c3acfab671ecef1fc7828190480d9a42\" style=\"margin-top:0;margin-right:0;margin-bottom:0;margin-left:0\"><\/p>\n<\/div><\/div>\n\n\n\n<div class=\"wp-block-cover has-custom-content-position is-position-bottom-left\" style=\"padding-top:var(--wp--preset--spacing--small);padding-right:var(--wp--preset--spacing--x-small);padding-bottom:var(--wp--preset--spacing--small);padding-left:var(--wp--preset--spacing--x-small);min-height:210px;aspect-ratio:unset;\"><img loading=\"lazy\" decoding=\"async\" width=\"900\" height=\"900\" class=\"wp-block-cover__image-background wp-image-10340 size-full\" alt=\"\" src=\"https:\/\/metrology.mx\/newportal\/wp-content\/uploads\/2025\/07\/8930-2.jpg\" data-object-fit=\"cover\" srcset=\"https:\/\/metrology.mx\/newportal\/wp-content\/uploads\/2025\/07\/8930-2.jpg 900w, https:\/\/metrology.mx\/newportal\/wp-content\/uploads\/2025\/07\/8930-2-300x300.jpg 300w, https:\/\/metrology.mx\/newportal\/wp-content\/uploads\/2025\/07\/8930-2-150x150.jpg 150w, https:\/\/metrology.mx\/newportal\/wp-content\/uploads\/2025\/07\/8930-2-768x768.jpg 768w, https:\/\/metrology.mx\/newportal\/wp-content\/uploads\/2025\/07\/8930-2-250x250.jpg 250w, https:\/\/metrology.mx\/newportal\/wp-content\/uploads\/2025\/07\/8930-2-174x174.jpg 174w, https:\/\/metrology.mx\/newportal\/wp-content\/uploads\/2025\/07\/8930-2-600x600.jpg 600w, https:\/\/metrology.mx\/newportal\/wp-content\/uploads\/2025\/07\/8930-2-800x800.jpg 800w\" sizes=\"auto, (max-width: 900px) 100vw, 900px\" \/><span aria-hidden=\"true\" class=\"wp-block-cover__background has-background-dim-70 has-background-dim\"><\/span><div class=\"wp-block-cover__inner-container is-layout-flow wp-block-cover-is-layout-flow\">\n<h3 class=\"wp-block-heading has-text-align-center has-white-color has-text-color has-medium-font-size\" style=\"margin-top:0;margin-right:0;margin-bottom:0;margin-left:0\"><strong>AC\u00daSTICA<\/strong><\/h3>\n\n\n\n<p class=\"has-secondary-color has-text-color has-link-color wp-elements-c3acfab671ecef1fc7828190480d9a42\" style=\"margin-top:0;margin-right:0;margin-bottom:0;margin-left:0\"><\/p>\n<\/div><\/div>\n<\/div>\n\n\n\n<div class=\"wp-block-column is-layout-flow wp-block-column-is-layout-flow\" style=\"padding-top:0;padding-right:0;padding-bottom:0;padding-left:0\">\n<div class=\"wp-block-cover has-custom-content-position is-position-bottom-left\" style=\"padding-top:var(--wp--preset--spacing--small);padding-right:var(--wp--preset--spacing--x-small);padding-bottom:var(--wp--preset--spacing--small);padding-left:var(--wp--preset--spacing--x-small);min-height:210px;aspect-ratio:unset;\"><img loading=\"lazy\" decoding=\"async\" width=\"1024\" height=\"709\" class=\"wp-block-cover__image-background wp-image-10334 size-large\" alt=\"\" src=\"https:\/\/metrology.mx\/newportal\/wp-content\/uploads\/2025\/07\/8588a96dpi1280x887pxenr-253031_1720767002-1-1024x709.webp\" data-object-fit=\"cover\" srcset=\"https:\/\/metrology.mx\/newportal\/wp-content\/uploads\/2025\/07\/8588a96dpi1280x887pxenr-253031_1720767002-1-1024x709.webp 1024w, https:\/\/metrology.mx\/newportal\/wp-content\/uploads\/2025\/07\/8588a96dpi1280x887pxenr-253031_1720767002-1-300x208.webp 300w, https:\/\/metrology.mx\/newportal\/wp-content\/uploads\/2025\/07\/8588a96dpi1280x887pxenr-253031_1720767002-1-768x532.webp 768w, https:\/\/metrology.mx\/newportal\/wp-content\/uploads\/2025\/07\/8588a96dpi1280x887pxenr-253031_1720767002-1-600x415.webp 600w, https:\/\/metrology.mx\/newportal\/wp-content\/uploads\/2025\/07\/8588a96dpi1280x887pxenr-253031_1720767002-1.webp 1170w\" sizes=\"auto, (max-width: 1024px) 100vw, 1024px\" \/><span aria-hidden=\"true\" class=\"wp-block-cover__background has-background-dim-70 has-background-dim\"><\/span><div class=\"wp-block-cover__inner-container is-layout-flow wp-block-cover-is-layout-flow\">\n<h3 class=\"wp-block-heading has-text-align-center has-white-color has-text-color has-medium-font-size\" style=\"margin-top:0;margin-right:0;margin-bottom:0;margin-left:0\"><strong>EL\u00c9CTRICA<\/strong><\/h3>\n\n\n\n<p class=\"has-secondary-color has-text-color has-link-color wp-elements-c3acfab671ecef1fc7828190480d9a42\" style=\"margin-top:0;margin-right:0;margin-bottom:0;margin-left:0\"><\/p>\n<\/div><\/div>\n\n\n\n<div class=\"wp-block-cover has-custom-content-position is-position-bottom-left\" style=\"padding-top:var(--wp--preset--spacing--small);padding-right:var(--wp--preset--spacing--x-small);padding-bottom:var(--wp--preset--spacing--small);padding-left:var(--wp--preset--spacing--x-small);min-height:210px;aspect-ratio:unset;\"><img loading=\"lazy\" decoding=\"async\" width=\"797\" height=\"1024\" class=\"wp-block-cover__image-background wp-image-10338 size-full\" alt=\"\" src=\"https:\/\/metrology.mx\/newportal\/wp-content\/uploads\/2025\/07\/MC-1SLPM-D-DB9_P05-A330_R23_1024x1024_a25451d7-6c74-4315-a31c-17553f6572e6.webp\" data-object-fit=\"cover\" srcset=\"https:\/\/metrology.mx\/newportal\/wp-content\/uploads\/2025\/07\/MC-1SLPM-D-DB9_P05-A330_R23_1024x1024_a25451d7-6c74-4315-a31c-17553f6572e6.webp 797w, https:\/\/metrology.mx\/newportal\/wp-content\/uploads\/2025\/07\/MC-1SLPM-D-DB9_P05-A330_R23_1024x1024_a25451d7-6c74-4315-a31c-17553f6572e6-233x300.webp 233w, https:\/\/metrology.mx\/newportal\/wp-content\/uploads\/2025\/07\/MC-1SLPM-D-DB9_P05-A330_R23_1024x1024_a25451d7-6c74-4315-a31c-17553f6572e6-768x987.webp 768w, https:\/\/metrology.mx\/newportal\/wp-content\/uploads\/2025\/07\/MC-1SLPM-D-DB9_P05-A330_R23_1024x1024_a25451d7-6c74-4315-a31c-17553f6572e6-600x771.webp 600w\" sizes=\"auto, (max-width: 797px) 100vw, 797px\" \/><span aria-hidden=\"true\" class=\"wp-block-cover__background has-background-dim-70 has-background-dim\"><\/span><div class=\"wp-block-cover__inner-container is-layout-flow wp-block-cover-is-layout-flow\">\n<h3 class=\"wp-block-heading has-text-align-center has-white-color has-text-color has-medium-font-size\" style=\"margin-top:0;margin-right:0;margin-bottom:0;margin-left:0\"><strong>FLUJO<\/strong><\/h3>\n\n\n\n<p class=\"has-secondary-color has-text-color has-link-color wp-elements-c3acfab671ecef1fc7828190480d9a42\" style=\"margin-top:0;margin-right:0;margin-bottom:0;margin-left:0\"><\/p>\n<\/div><\/div>\n\n\n\n<div class=\"wp-block-cover has-custom-content-position is-position-bottom-left\" style=\"padding-top:var(--wp--preset--spacing--small);padding-right:var(--wp--preset--spacing--x-small);padding-bottom:var(--wp--preset--spacing--small);padding-left:var(--wp--preset--spacing--x-small);min-height:210px;aspect-ratio:unset;\"><img loading=\"lazy\" decoding=\"async\" width=\"1024\" height=\"576\" class=\"wp-block-cover__image-background wp-image-10341 size-large\" alt=\"\" src=\"https:\/\/metrology.mx\/newportal\/wp-content\/uploads\/2025\/07\/maxresdefault-1-1024x576.jpg\" data-object-fit=\"cover\" srcset=\"https:\/\/metrology.mx\/newportal\/wp-content\/uploads\/2025\/07\/maxresdefault-1-1024x576.jpg 1024w, https:\/\/metrology.mx\/newportal\/wp-content\/uploads\/2025\/07\/maxresdefault-1-300x169.jpg 300w, https:\/\/metrology.mx\/newportal\/wp-content\/uploads\/2025\/07\/maxresdefault-1-768x432.jpg 768w, https:\/\/metrology.mx\/newportal\/wp-content\/uploads\/2025\/07\/maxresdefault-1-600x338.jpg 600w, https:\/\/metrology.mx\/newportal\/wp-content\/uploads\/2025\/07\/maxresdefault-1-1200x675.jpg 1200w, https:\/\/metrology.mx\/newportal\/wp-content\/uploads\/2025\/07\/maxresdefault-1.jpg 1280w\" sizes=\"auto, (max-width: 1024px) 100vw, 1024px\" \/><span aria-hidden=\"true\" class=\"wp-block-cover__background has-background-dim-70 has-background-dim\"><\/span><div class=\"wp-block-cover__inner-container is-layout-flow wp-block-cover-is-layout-flow\">\n<h3 class=\"wp-block-heading has-text-align-center has-white-color has-text-color has-medium-font-size\" style=\"margin-top:0;margin-right:0;margin-bottom:0;margin-left:0\"><strong>TIEMPO Y FRECUENCIA<\/strong><\/h3>\n\n\n\n<p class=\"has-secondary-color has-text-color has-link-color wp-elements-c3acfab671ecef1fc7828190480d9a42\" style=\"margin-top:0;margin-right:0;margin-bottom:0;margin-left:0\"><\/p>\n<\/div><\/div>\n<\/div>\n\n\n\n<div class=\"wp-block-column is-layout-flow wp-block-column-is-layout-flow\" style=\"padding-top:0;padding-right:0;padding-bottom:0;padding-left:0\">\n<div class=\"wp-block-cover has-custom-content-position is-position-bottom-left\" style=\"padding-top:var(--wp--preset--spacing--small);padding-right:var(--wp--preset--spacing--x-small);padding-bottom:var(--wp--preset--spacing--small);padding-left:var(--wp--preset--spacing--x-small);min-height:210px;aspect-ratio:unset;\"><img loading=\"lazy\" decoding=\"async\" width=\"619\" height=\"495\" class=\"wp-block-cover__image-background wp-image-10336 size-full\" alt=\"\" src=\"https:\/\/metrology.mx\/newportal\/wp-content\/uploads\/2025\/07\/LCWB58_01-1.jpg\" data-object-fit=\"cover\" srcset=\"https:\/\/metrology.mx\/newportal\/wp-content\/uploads\/2025\/07\/LCWB58_01-1.jpg 619w, https:\/\/metrology.mx\/newportal\/wp-content\/uploads\/2025\/07\/LCWB58_01-1-300x240.jpg 300w, https:\/\/metrology.mx\/newportal\/wp-content\/uploads\/2025\/07\/LCWB58_01-1-600x480.jpg 600w\" sizes=\"auto, (max-width: 619px) 100vw, 619px\" \/><span aria-hidden=\"true\" class=\"wp-block-cover__background has-background-dim-70 has-background-dim\"><\/span><div class=\"wp-block-cover__inner-container is-layout-flow wp-block-cover-is-layout-flow\">\n<h3 class=\"wp-block-heading has-text-align-center has-white-color has-text-color has-medium-font-size\" style=\"margin-top:0;margin-right:0;margin-bottom:0;margin-left:0\"><strong>MEC\u00c1NICA<\/strong><\/h3>\n\n\n\n<p class=\"has-secondary-color has-text-color has-link-color wp-elements-c3acfab671ecef1fc7828190480d9a42\" style=\"margin-top:0;margin-right:0;margin-bottom:0;margin-left:0\"><\/p>\n<\/div><\/div>\n\n\n\n<div class=\"wp-block-cover has-custom-content-position is-position-bottom-left\" style=\"padding-top:var(--wp--preset--spacing--small);padding-right:var(--wp--preset--spacing--x-small);padding-bottom:var(--wp--preset--spacing--small);padding-left:var(--wp--preset--spacing--x-small);min-height:210px;aspect-ratio:unset;\"><img loading=\"lazy\" decoding=\"async\" width=\"1024\" height=\"576\" class=\"wp-block-cover__image-background wp-image-10339 size-large\" alt=\"\" src=\"https:\/\/metrology.mx\/newportal\/wp-content\/uploads\/2025\/07\/maxresdefault-1024x576.jpg\" data-object-fit=\"cover\" srcset=\"https:\/\/metrology.mx\/newportal\/wp-content\/uploads\/2025\/07\/maxresdefault-1024x576.jpg 1024w, https:\/\/metrology.mx\/newportal\/wp-content\/uploads\/2025\/07\/maxresdefault-300x169.jpg 300w, https:\/\/metrology.mx\/newportal\/wp-content\/uploads\/2025\/07\/maxresdefault-768x432.jpg 768w, https:\/\/metrology.mx\/newportal\/wp-content\/uploads\/2025\/07\/maxresdefault-600x338.jpg 600w, https:\/\/metrology.mx\/newportal\/wp-content\/uploads\/2025\/07\/maxresdefault-1200x675.jpg 1200w, https:\/\/metrology.mx\/newportal\/wp-content\/uploads\/2025\/07\/maxresdefault.jpg 1280w\" sizes=\"auto, (max-width: 1024px) 100vw, 1024px\" \/><span aria-hidden=\"true\" class=\"wp-block-cover__background has-background-dim-70 has-background-dim\"><\/span><div class=\"wp-block-cover__inner-container is-layout-flow wp-block-cover-is-layout-flow\">\n<h3 class=\"wp-block-heading has-text-align-center has-white-color has-text-color has-medium-font-size\" style=\"margin-top:0;margin-right:0;margin-bottom:0;margin-left:0\"><strong>\u00d3PTICA<\/strong><\/h3>\n\n\n\n<p class=\"has-secondary-color has-text-color has-link-color wp-elements-c3acfab671ecef1fc7828190480d9a42\" style=\"margin-top:0;margin-right:0;margin-bottom:0;margin-left:0\"><\/p>\n<\/div><\/div>\n\n\n\n<div class=\"wp-block-cover has-custom-content-position is-position-bottom-left\" style=\"padding-top:var(--wp--preset--spacing--small);padding-right:var(--wp--preset--spacing--x-small);padding-bottom:var(--wp--preset--spacing--small);padding-left:var(--wp--preset--spacing--x-small);min-height:210px;aspect-ratio:unset;\"><img loading=\"lazy\" decoding=\"async\" width=\"768\" height=\"1024\" class=\"wp-block-cover__image-background wp-image-10342 size-full\" alt=\"\" src=\"https:\/\/metrology.mx\/newportal\/wp-content\/uploads\/2025\/07\/2-768x1024-1.jpeg\" data-object-fit=\"cover\" srcset=\"https:\/\/metrology.mx\/newportal\/wp-content\/uploads\/2025\/07\/2-768x1024-1.jpeg 768w, https:\/\/metrology.mx\/newportal\/wp-content\/uploads\/2025\/07\/2-768x1024-1-225x300.jpeg 225w, https:\/\/metrology.mx\/newportal\/wp-content\/uploads\/2025\/07\/2-768x1024-1-600x800.jpeg 600w\" sizes=\"auto, (max-width: 768px) 100vw, 768px\" \/><span aria-hidden=\"true\" class=\"wp-block-cover__background has-background-dim-70 has-background-dim\"><\/span><div class=\"wp-block-cover__inner-container is-layout-flow wp-block-cover-is-layout-flow\">\n<h3 class=\"wp-block-heading has-text-align-center has-white-color has-text-color has-medium-font-size\" style=\"margin-top:0;margin-right:0;margin-bottom:0;margin-left:0\"><strong>MASAS<\/strong><\/h3>\n\n\n\n<p class=\"has-secondary-color has-text-color has-link-color wp-elements-c3acfab671ecef1fc7828190480d9a42\" style=\"margin-top:0;margin-right:0;margin-bottom:0;margin-left:0\"><\/p>\n<\/div><\/div>\n<\/div>\n<\/div>\n\n\n\n<hr class=\"wp-block-separator has-alpha-channel-opacity\"\/>\n<\/div>\n\n\n\n<hr class=\"wp-block-separator has-alpha-channel-opacity\"\/>\n","protected":false},"excerpt":{"rendered":"<p>\u00bfQuienes somos? En Metrology &amp; Consultant nos especializamos en ofrecer soluciones integrales en calibraci\u00f3n de equipos de medici\u00f3n, garantizando la m\u00e1xima precisi\u00f3n y confiabilidad en cada uno de nuestros servicios. Nuestro principal compromiso es la satisfacci\u00f3n de nuestros clientes, respaldados por un equipo de metr\u00f3logos con m\u00e1s de 15 a\u00f1os de experiencia en la industria, [&hellip;]<\/p>\n","protected":false},"author":27,"featured_media":0,"parent":0,"menu_order":0,"comment_status":"closed","ping_status":"closed","template":"","meta":{"footnotes":""},"class_list":["post-9958","page","type-page","status-publish","hentry"],"featured_media_urls":[],"_links":{"self":[{"href":"https:\/\/metrology.mx\/newportal\/wp-json\/wp\/v2\/pages\/9958","targetHints":{"allow":["GET"]}}],"collection":[{"href":"https:\/\/metrology.mx\/newportal\/wp-json\/wp\/v2\/pages"}],"about":[{"href":"https:\/\/metrology.mx\/newportal\/wp-json\/wp\/v2\/types\/page"}],"author":[{"embeddable":true,"href":"https:\/\/metrology.mx\/newportal\/wp-json\/wp\/v2\/users\/27"}],"replies":[{"embeddable":true,"href":"https:\/\/metrology.mx\/newportal\/wp-json\/wp\/v2\/comments?post=9958"}],"version-history":[{"count":12,"href":"https:\/\/metrology.mx\/newportal\/wp-json\/wp\/v2\/pages\/9958\/revisions"}],"predecessor-version":[{"id":10442,"href":"https:\/\/metrology.mx\/newportal\/wp-json\/wp\/v2\/pages\/9958\/revisions\/10442"}],"wp:attachment":[{"href":"https:\/\/metrology.mx\/newportal\/wp-json\/wp\/v2\/media?parent=9958"}],"curies":[{"name":"wp","href":"https:\/\/api.w.org\/{rel}","templated":true}]}}